25?
True
Is 944694279 a multiple of 35?
False
Does 74 divide 9427526?
True
Does 42 divide 81607065?
False
Is 21 a factor of 379764?
True
Does 16 divide 82810756?
False
Is 2070 a factor of 40998674?
False
Is 475485468 a multiple of 3217?
True
Is 22842404 a multiple of 284?
True
Does 496 divide 43947996?
False
Does 8 divide 341803813?
False
Is 239127737 a multiple of 104?
False
Does 6 divide 124980724?
False
Is 76340896 a multiple of 16?
True
Is 2677641638 a multiple of 14?
True
Is 75530261 a multiple of 4?
False
Is 12 a factor of 983299872?
True
Is 1413775049 a multiple of 127?
True
Is 4332612 a multiple of 57?
False
Is 2210080215 a multiple of 7?
True
Is 27 a factor of 75895866?
True
Is 610 a factor of 117781879?
False
Is 6 a factor of 3276402?
True
Is 3285399544 a multiple of 4424?
True
Is 12848230 a multiple of 10?
True
Is 7 a factor of 47851391?
True
Does 129 divide 112767930?
True
Does 23 divide 2602475411?
False
Is 38137016 a multiple of 593?
True
Does 982 divide 404506422?
True
Does 7 divide 2512513584?
True
Does 335 divide 4310864085?
True
Does 108 divide 24799716?
True
Does 85 divide 15359500?
True
Is 10 a factor of 2623932?
False
Is 383931956 a multiple of 48?
False
Does 398 divide 20236352?
False
Does 311 divide 200627531?
False
Is 584 a factor of 2344904248?
True
Is 2 a factor of 45752872?
True
Is 23651829 a multiple of 182?
False
Is 17 a factor of 346167311?
True
Is 21 a factor of 15977808?
True
Does 2 divide 198126362?
True
Is 146 a factor of 389944901?
False
Does 25 divide 50356700?
True
Does 7 divide 66643437?
True
Is 708 a factor of 98853084?
True
Is 424 a factor of 81308469?
False
Is 1779 a factor of 1076746866?
True
Is 844 a factor of 46119887?
False
Is 671 a factor of 1731327638?
False
Does 645 divide 93879750?
True
Is 18487078 a multiple of 62?
False
Does 598 divide 479433942?
True
Is 17 a factor of 15492307?
False
Is 45132533 a multiple of 3?
False
Does 70 divide 597669695?
False
Does 44 divide 2894017?
False
Is 69831715 a multiple of 109?
False
Does 597 divide 165022143?
True
Does 342 divide 340575570?
True
Is 549 a factor of 525834945?
True
Is 1047 a factor of 2108519796?
True
Is 314 a factor of 1493518954?
False
Is 159 a factor of 6428840004?
True
Is 1777557742 a multiple of 22?
False
Is 39262721 a multiple of 1568?
False
Does 15 divide 1453849005?
True
Is 3838 a factor of 1661976816?
True
Is 63491261 a multiple of 81?
False
Does 89 divide 161448943?
False
Is 75792177 a multiple of 73?
True
Does 20 divide 71614615?
False
Does 7 divide 64530165?
True
Is 127808368 a multiple of 662?
True
Is 699 a factor of 93655213?
False
Is 3276104613 a multiple of 183?
True
Is 2559258835 a multiple of 566?
False
Does 96 divide 13055410?
False
Does 44 divide 24647000?
False
Is 1949268609 a multiple of 59?
True
Is 134 a factor of 226296309?
False
Is 130775384 a multiple of 419?
False
Is 212972747 a multiple of 8?
False
Is 206 a factor of 10158722?
False
Is 4 a factor of 24501558?
False
Does 61 divide 873028096?
True
Is 54152599 a multiple of 53?
False
Is 109 a factor of 1285004617?
False
Does 1680 divide 334216144?
False
Does 41 divide 46656483?
True
Does 95 divide 2458078622?
False
Does 549 divide 5627250?
True
Is 1293 a factor of 165763893?
True
Does 8 divide 1195833584?
True
Does 215 divide 95084320?
False
Is 66991530 a multiple of 15?
True
Is 165 a factor of 32054220?
True
Is 108 a factor of 232332732?
True
Is 70487753 a multiple of 10?
False
Is 23 a factor of 16694849?
True
Is 1979817364 a multiple of 14?
True
Is 233138919 a multiple of 867?
False
Does 31 divide 376186953?
True
Does 560 divide 658237440?
True
Is 19861050 a multiple of 50?
True
Does 363 divide 56345370?
False
Does 677 divide 34196212?
False
Is 7 a factor of 99535814?
True
Is 11317711 a multiple of 107?
True
Is 8705915 a multiple of 37?
True
Is 452772624 a multiple of 1432?
True
Is 12018355 a multiple of 2879?
False
Is 15283528 a multiple of 290?
False
Does 658 divide 5361384?
True
Is 807379585 a multiple of 7869?
False
Is 1476596298 a multiple of 111?
False
Is 3415 a factor of 8127821?
False
Is 35574250 a multiple of 507?
False
Is 9253060 a multiple of 16?
False
Does 64 divide 4592431871?
False
Does 108 divide 134212248?
True
Is 204442940 a multiple of 129?
False
Is 6935796 a multiple of 84?
True
Is 9 a factor of 36133488?
True
Does 261 divide 19542897?
True
Is 187394039 a multiple of 112?
False
Is 11 a factor of 15716002?
False
Does 1175 divide 3524616150?
False
Does 14 divide 431689560?
False
Is 2021 a factor of 132377521?
True
Does 507 divide 82458883?
False
Is 50 a factor of 56560400?
True
Is 87 a factor of 20825712?
True
Is 14124144 a multiple of 304?
True
Does 352 divide 116694933?
False
Does 12 divide 12769362?
False
Does 3556 divide 827168091?
False
Is 6776308 a multiple of 449?
True
Is 21309602 a multiple of 17?
True
Does 189 divide 41506479?
True
Does 212 divide 146536520?
True
Is 1608493615 a multiple of 79?
False
Is 20 a factor of 81800680?
True
Does 44 divide 544580388?
True
Does 89 divide 135917448?
False
Is 100 a factor of 113156997?
False
Does 8 divide 61338040?
True
Does 253 divide 172044010?
False
Does 777 divide 145418182?
False
Is 692 a factor of 74158180?
True
Does 146 divide 14117032?
True
Is 1734242454 a multiple of 153?
True
Is 472 a factor of 21326494?
False
Is 7871 a factor of 3975996295?
True
Is 31467912 a multiple of 2212?
True
Is 29 a factor of 20662904?
False
Does 727 divide 43818471?
True
Is 4443699 a multiple of 81?
False
Is 96362800 a multiple of 68?
True
Is 17248128 a multiple of 7?
False
Is 189147068 a multiple of 1093?
False
Is 12 a factor of 79423776?
True
Does 199 divide 368302633?
True
Is 20157417 a multiple of 48?
False
Is 140128034 a multiple of 1494?
False
Does 16 divide 589109334?
False
Does 1631 divide 257096161?
True
Is 66728385 a multiple of 45?
True
Is 3656 a factor of 182516429?
False
Is 9945707 a multiple of 21?
False
Is 1743 a factor of 935729550?
True
Is 26 a factor of 112824270?
True
Is 648 a factor of 718390944?
True
Is 169 a factor of 37382969?
True
Is 1748925 a multiple of 25?
True
Is 111799325 a multiple of 14?
False
Is 9023379 a multiple of 142?
False
Does 8 divide 17202624?
True
Is 2659018373 a multiple of 677?
True
Does 22 divide 301061992?
True
Is 438236847 a multiple of 11?
False
Does 8 divide 2218380774?
False
Is 7551 a factor of 322510761?
True
Does 1757 divide 8245744?
False
Is 13025398 a multiple of 39?
False
Is 74 a factor of 4741875?
False
Is 2 a factor of 13139326?
True
Does 18 divide 68561014?
False
Is 252 a factor of 2451239028?
True
Does 258 divide 728060520?
True
Is 3989 a factor of 2899283863?
False
Is 1496 a factor of 13187240?
True
Is 575431604 a multiple of 54?
False
Is 520274276 a multiple of 11?
False
Does 412 divide 173644404?
True
Is 128761495 a multiple of 34?
False
Does 37 divide 4439741?
True
Is 316181502 a multiple of 2437?
False
Is 278 a factor of 59715234?
True
Is 164770884 a multiple of 145?
False
Is 1675996405 a multiple of 69?
False
Does 285 divide 280502415?
True
Does 1227 divide 274580215?
False
Is 6262494 a multiple of 686?
True
Is 3299 a factor of 39525669?
False
Does 1538 divide 4566322?
True
Is 287739977 a multiple of 288?
False
Does 7 divide 330939325?
False
Is 637641648 a multiple of 8328?
True
Is 70390166 a multiple of 161?
True
Does 295 divide 7992428?
False
Is 528840384 a multiple of 1923?
True
Is 59454239 a multiple of 590?
False
Is 38 a factor of 1752018?
False
Is 325 a factor of 30741615?
False
Is 390071306 a multiple of 23?
True
Is 461771616 a multiple of 4982?
True
Is 668639474 a multiple of 322?
False
Is 725067816 a multiple of 2299?
True
Is 788694778 a multiple of 194?
True
Is 906 a factor of 57772927?
False
Is 73767993 a multiple of 312?
False
Is 181695411 a multiple of 3607?
True
Is 53517586 a multiple of 1651?
False
Does 13 divide 84612639?
False
Does 35 divide 38325026?
False
Is 344278128 a multiple of 39?
False
Is 83880192 a multiple of 56?
False
Is 106 a factor of 127909670?
True
Is 3636 a factor of 3399278220?
True
Does 216 divide 7917631?
False
Is 244 a factor of 1254208556?
True
Is 843121734 a multiple of 2769?
True
Does 66 divide 6589786?
False
Is 55865442 a multiple of 392?
False
Does 19 divide 1564674662?
True
Is 14 a factor of 713462330?
True
Is